{"id":28,"date":"2018-12-18T11:55:59","date_gmt":"2018-12-18T11:55:59","guid":{"rendered":"http:\/\/forumfamilie.net\/?page_id=28"},"modified":"2019-01-01T16:43:03","modified_gmt":"2019-01-01T16:43:03","slug":"team","status":"publish","type":"page","link":"https:\/\/forumfamilie.net\/?page_id=28","title":{"rendered":"Team"},"content":{"rendered":"<div id=\"pl-28\"  class=\"panel-layout\" ><div id=\"pg-28-0\"  class=\"panel-grid panel-no-style\" ><div id=\"pgc-28-0-0\"  class=\"panel-grid-cell\" ><div id=\"panel-28-0-0-0\" class=\"so-panel widget widget_sow-image panel-first-child panel-last-child\" data-index=\"0\" ><div class=\"so-widget-sow-image so-widget-sow-image-default-6b88c04c1f9b\">\n\n<div class=\"sow-image-container\">\n\t<img src=\"https:\/\/forumfamilie.net\/wp-content\/uploads\/2019\/01\/feli_01.jpg\" width=\"180\" height=\"180\" srcset=\"https:\/\/forumfamilie.net\/wp-content\/uploads\/2019\/01\/feli_01.jpg 180w, https:\/\/forumfamilie.net\/wp-content\/uploads\/2019\/01\/feli_01-150x150.jpg 150w\" sizes=\"(max-width: 180px) 100vw, 180px\" title=\"Felicia Blume\" alt=\"Bild Felicia Blume\" \t\tclass=\"so-widget-image\"\/>\n<\/div>\n\n\t<h3 class=\"widget-title\">Felicia Blume<\/h3><\/div><\/div><\/div><div id=\"pgc-28-0-1\"  class=\"panel-grid-cell\" ><div id=\"panel-28-0-1-0\" class=\"so-panel widget widget_sow-image panel-first-child panel-last-child\" data-index=\"1\" ><div class=\"so-widget-sow-image so-widget-sow-image-default-6b88c04c1f9b\">\n\n<div class=\"sow-image-container\">\n\t<img src=\"https:\/\/forumfamilie.net\/wp-content\/uploads\/2019\/01\/stefan_01.jpg\" width=\"180\" height=\"180\" srcset=\"https:\/\/forumfamilie.net\/wp-content\/uploads\/2019\/01\/stefan_01.jpg 180w, https:\/\/forumfamilie.net\/wp-content\/uploads\/2019\/01\/stefan_01-150x150.jpg 150w\" sizes=\"(max-width: 180px) 100vw, 180px\" title=\"Stefan Dippold\" alt=\"Bild Stefan Dippold\" \t\tclass=\"so-widget-image\"\/>\n<\/div>\n\n\t<h3 class=\"widget-title\">Stefan Dippold<\/h3><\/div><\/div><\/div><div id=\"pgc-28-0-2\"  class=\"panel-grid-cell\" ><div id=\"panel-28-0-2-0\" class=\"so-panel widget widget_sow-image panel-first-child panel-last-child\" data-index=\"2\" ><div class=\"so-widget-sow-image so-widget-sow-image-default-6b88c04c1f9b\">\n\n<div class=\"sow-image-container\">\n\t<img src=\"https:\/\/forumfamilie.net\/wp-content\/uploads\/2019\/01\/sabine_02.jpg\" width=\"180\" height=\"180\" srcset=\"https:\/\/forumfamilie.net\/wp-content\/uploads\/2019\/01\/sabine_02.jpg 180w, https:\/\/forumfamilie.net\/wp-content\/uploads\/2019\/01\/sabine_02-150x150.jpg 150w\" sizes=\"(max-width: 180px) 100vw, 180px\" title=\"Sabine Wiesholler\" alt=\"Bild Sabine Wiesholler\" \t\tclass=\"so-widget-image\"\/>\n<\/div>\n\n\t<h3 class=\"widget-title\">Sabine Wiesholler<\/h3><\/div><\/div><\/div><div id=\"pgc-28-0-3\"  class=\"panel-grid-cell\" ><div id=\"panel-28-0-3-0\" class=\"so-panel widget widget_sow-image panel-first-child panel-last-child\" data-index=\"3\" ><div class=\"so-widget-sow-image so-widget-sow-image-default-6b88c04c1f9b\">\n\n<div class=\"sow-image-container\">\n\t<img src=\"https:\/\/forumfamilie.net\/wp-content\/uploads\/2019\/01\/thomas_01.jpg\" width=\"180\" height=\"180\" srcset=\"https:\/\/forumfamilie.net\/wp-content\/uploads\/2019\/01\/thomas_01.jpg 180w, https:\/\/forumfamilie.net\/wp-content\/uploads\/2019\/01\/thomas_01-150x150.jpg 150w\" sizes=\"(max-width: 180px) 100vw, 180px\" title=\"Thomas Gerstmayr\" alt=\"Bild Thomas Gerstmayr\" \t\tclass=\"so-widget-image\"\/>\n<\/div>\n\n\t<h3 class=\"widget-title\">Thomas Gerstmayr<\/h3><\/div><\/div><\/div><\/div><div id=\"pg-28-1\"  class=\"panel-grid panel-no-style\" ><div id=\"pgc-28-1-0\"  class=\"panel-grid-cell\" ><div id=\"panel-28-1-0-0\" class=\"so-panel widget widget_sow-editor panel-first-child panel-last-child\" data-index=\"4\" ><div class=\"so-widget-sow-editor so-widget-sow-editor-base\">\n<div class=\"siteorigin-widget-tinymce textwidget\">\n\t<p>\u201eFORUM FAMILIE\u201c systemische Erziehungshilfen Familientherapie und Beratung ist ein Team von derzeit vier Familientherapeuten mit langj\u00e4hriger Erfahrung in der Kinder- und Jugendhilfe und in systemischer Therapie und Beratung. Die einzelnen Team-Mitglieder sind dar\u00fcber hinaus in den Bereichen SPFH, EB, Begleiteter Umgang, Paarberatung, Supervision und Fortbildung t\u00e4tig.<br \/>\nWir haben uns zu einem Team zusammengeschlossen, um diese vielf\u00e4ltigen Kompetenzen m\u00f6glichst effektiv und zielf\u00fchrend in der Arbeit mit Familien anbieten und nutzen zu k\u00f6nnen.<\/p>\n<\/div>\n<\/div><\/div><\/div><\/div><div id=\"pg-28-2\"  class=\"panel-grid panel-no-style\" ><div id=\"pgc-28-2-0\"  class=\"panel-grid-cell\" ><div id=\"panel-28-2-0-0\" class=\"so-panel widget widget_sow-editor panel-first-child panel-last-child\" data-index=\"5\" ><div class=\"so-widget-sow-editor so-widget-sow-editor-base\">\n<div class=\"siteorigin-widget-tinymce textwidget\">\n\t<p><strong>Unsere R\u00e4ume<\/strong><\/p>\n<\/div>\n<\/div><\/div><\/div><\/div><div id=\"pg-28-3\"  class=\"panel-grid panel-no-style\" ><div id=\"pgc-28-3-0\"  class=\"panel-grid-cell\" ><div id=\"panel-28-3-0-0\" class=\"so-panel widget widget_sow-image panel-first-child panel-last-child\" data-index=\"6\" ><div class=\"so-widget-sow-image so-widget-sow-image-default-17bc2272b535\">\n\n<div class=\"sow-image-container\">\n\t<img src=\"https:\/\/forumfamilie.net\/wp-content\/uploads\/2019\/01\/praxis3.jpg\" width=\"600\" height=\"440\" srcset=\"https:\/\/forumfamilie.net\/wp-content\/uploads\/2019\/01\/praxis3.jpg 600w, https:\/\/forumfamilie.net\/wp-content\/uploads\/2019\/01\/praxis3-300x220.jpg 300w\" sizes=\"(max-width: 600px) 100vw, 600px\" alt=\"Bild Praxis von aussen\" \t\tclass=\"so-widget-image\"\/>\n<\/div>\n\n<\/div><\/div><\/div><div id=\"pgc-28-3-1\"  class=\"panel-grid-cell\" ><div id=\"panel-28-3-1-0\" class=\"so-panel widget widget_sow-image panel-first-child panel-last-child\" data-index=\"7\" ><div class=\"so-widget-sow-image so-widget-sow-image-default-17bc2272b535\">\n\n<div class=\"sow-image-container\">\n\t<img src=\"https:\/\/forumfamilie.net\/wp-content\/uploads\/2019\/01\/praxis1.jpg\" width=\"600\" height=\"440\" srcset=\"https:\/\/forumfamilie.net\/wp-content\/uploads\/2019\/01\/praxis1.jpg 600w, https:\/\/forumfamilie.net\/wp-content\/uploads\/2019\/01\/praxis1-300x220.jpg 300w\" sizes=\"(max-width: 600px) 100vw, 600px\" alt=\"Bild1 die Praxis\" \t\tclass=\"so-widget-image\"\/>\n<\/div>\n\n<\/div><\/div><\/div><div id=\"pgc-28-3-2\"  class=\"panel-grid-cell\" ><div id=\"panel-28-3-2-0\" class=\"so-panel widget widget_sow-image panel-first-child panel-last-child\" data-index=\"8\" ><div class=\"so-widget-sow-image so-widget-sow-image-default-17bc2272b535\">\n\n<div class=\"sow-image-container\">\n\t<img src=\"https:\/\/forumfamilie.net\/wp-content\/uploads\/2019\/01\/praxis2.jpg\" width=\"600\" height=\"440\" srcset=\"https:\/\/forumfamilie.net\/wp-content\/uploads\/2019\/01\/praxis2.jpg 600w, https:\/\/forumfamilie.net\/wp-content\/uploads\/2019\/01\/praxis2-300x220.jpg 300w\" sizes=\"(max-width: 600px) 100vw, 600px\" alt=\"\" \t\tclass=\"so-widget-image\"\/>\n<\/div>\n\n<\/div><\/div><\/div><\/div><\/div>","protected":false},"excerpt":{"rendered":"<p>\u201eFORUM FAMILIE\u201c systemische Erziehungshilfen Familientherapie und Beratung ist ein Team von derzeit vier Familientherapeuten mit langj\u00e4hriger Erfahrung in der Kinder- und Jugendhilfe und in systemischer Therapie und Beratung. Die einzelnen Team-Mitglieder sind dar\u00fcber hinaus in den Bereichen SPFH, EB, Begleiteter Umgang, Paarberatung, Supervision und Fortbildung t\u00e4tig. Wir haben uns zu einem Team zusammengeschlossen, um diese [&hellip;]<\/p>\n","protected":false},"author":1,"featured_media":0,"parent":0,"menu_order":4,"comment_status":"closed","ping_status":"closed","template":"","meta":[],"_links":{"self":[{"href":"https:\/\/forumfamilie.net\/index.php?rest_route=\/wp\/v2\/pages\/28"}],"collection":[{"href":"https:\/\/forumfamilie.net\/index.php?rest_route=\/wp\/v2\/pages"}],"about":[{"href":"https:\/\/forumfamilie.net\/index.php?rest_route=\/wp\/v2\/types\/page"}],"author":[{"embeddable":true,"href":"https:\/\/forumfamilie.net\/index.php?rest_route=\/wp\/v2\/users\/1"}],"replies":[{"embeddable":true,"href":"https:\/\/forumfamilie.net\/index.php?rest_route=%2Fwp%2Fv2%2Fcomments&post=28"}],"version-history":[{"count":39,"href":"https:\/\/forumfamilie.net\/index.php?rest_route=\/wp\/v2\/pages\/28\/revisions"}],"predecessor-version":[{"id":107,"href":"https:\/\/forumfamilie.net\/index.php?rest_route=\/wp\/v2\/pages\/28\/revisions\/107"}],"wp:attachment":[{"href":"https:\/\/forumfamilie.net\/index.php?rest_route=%2Fwp%2Fv2%2Fmedia&parent=28"}],"curies":[{"name":"wp","href":"https:\/\/api.w.org\/{rel}","templated":true}]}}