{"id":31,"date":"2018-12-18T11:57:55","date_gmt":"2018-12-18T11:57:55","guid":{"rendered":"http:\/\/forumfamilie.net\/?page_id=31"},"modified":"2018-12-18T11:57:55","modified_gmt":"2018-12-18T11:57:55","slug":"clearing","status":"publish","type":"page","link":"https:\/\/forumfamilie.net\/?page_id=31","title":{"rendered":"Clearing"},"content":{"rendered":"<div id=\"pl-31\"  class=\"panel-layout\" ><div id=\"pg-31-0\"  class=\"panel-grid panel-no-style\" ><div id=\"pgc-31-0-0\"  class=\"panel-grid-cell\" ><div id=\"panel-31-0-0-0\" class=\"so-panel widget widget_sow-editor panel-first-child panel-last-child\" data-index=\"0\" ><div class=\"so-widget-sow-editor so-widget-sow-editor-base\">\n<div class=\"siteorigin-widget-tinymce textwidget\">\n\t<p>Das Clearing dient in erster Linie einer umfangreichen Systemdiagnostik. Darunter verstehen wir eine Bestandsaufnahme der aktuellen Familiendynamik sowie der bestehenden Ressourcen und Hemmnisse.<br \/>\nGemeinsam mit den Familien und in Kooperation mit bereits beteiligten Institutionen wie z.B. Schule, HPT oder Kinder- und Jugendpsychiatrie erarbeiten wir Ziele und Zukunftsperspektiven mit den Familien und schlagen angemessene Hilfsma\u00dfnahmen zur Erreichung dieser Ziele vor.<br \/>\nEin Bericht, in dem die Ergebnisse detailliert dargestellt werden, sowie ein Gespr\u00e4ch mit der Familie und dem zust\u00e4ndigen Jugendamt bilden den Abschluss des Clearings.<\/p>\n<p>Das Angebot richtet sich dabei an Familien in akuten oder latenten Krisen bzw. mit scheinbar un\u00fcberschaubaren Problemlagen in verschiedenen Bereichen ihres Lebens, insbesondere wenn gepr\u00fcft werden muss, ob ein oder mehrere Kinder weitergehende Hilfema\u00dfnahmen ben\u00f6tigen.<\/p>\n<p>Das Clearing kann sowohl in den Praxisr\u00e4umen der Therapeuten als auch aufsuchend in der Herkunftsfamilie bzw. dem momentanen Lebensumfeld des Kindes\/Jugendlichen stattfinden.<\/p>\n<p>Das Clearing findet in Co-Arbeit statt und umfasst folgende Leistungen:<\/p>\n<ul>\n<li>Familie- und Einzelgespr\u00e4che<\/li>\n<li>Bei Bedarf klinische Diagnostik in Kooperation mit Institutionen der Kinder- und Jugendpsychiatrie<\/li>\n<li>systemische Verhaltensbeobachtungen<\/li>\n<li>Explorationen im sozialen Umfeld<\/li>\n<li>Zusammenarbeit mit dem bisherigen Helfersystem<\/li>\n<li>Konkrete weiterf\u00fchrende Empfehlungen zu passenden Hilfema\u00dfnahmen<\/li>\n<li>Fallsupervision<\/li>\n<li>Dokumentation \/ Bericht<\/li>\n<\/ul>\n<p>Beim Clearing kann je nach Bedarf das gesamte Spektrum der systemischen Therapie zum Einsatz kommen, wie z.B.:<\/p>\n<ul>\n<li>Interaktionsbeobachtungen in strukturierten und unstrukturierten Situationen<\/li>\n<li>Genogrammarbeit<\/li>\n<li>Arbeit mit Skulpturen, Familienbrett<\/li>\n<li>Familienbild<\/li>\n<li>Ressourcendiagnostik<\/li>\n<\/ul>\n<p>Der Zeitraum eines Clearings betr\u00e4gt maximal 4 Monaten und umfasst ein Stundenkontingent <strong>\u00e0 60 FLS (85% direkte, 15% indirekte Leistungen), plus Fahrtzeit.<\/strong> Kurzfristig abgesagte Termin werden mit 1,5 Fachleistungsstunden berechnet.<\/p>\n<p>Die gesetzliche Grundlage des Clearings sind folgende Abschnitte des SGB: \u00a7 27 SGB VIII Voraussetzung einer erzieherischen Hilfe \/ \u00a7\u00a7 27 ff SGB VIII\/ \u00a7 31 SGB VIII SPFH<\/p>\n<\/div>\n<\/div><\/div><\/div><\/div><\/div>","protected":false},"excerpt":{"rendered":"<p>Das Clearing dient in erster Linie einer umfangreichen Systemdiagnostik. Darunter verstehen wir eine Bestandsaufnahme der aktuellen Familiendynamik sowie der bestehenden Ressourcen und Hemmnisse. Gemeinsam mit den Familien und in Kooperation mit bereits beteiligten Institutionen wie z.B. Schule, HPT oder Kinder- und Jugendpsychiatrie erarbeiten wir Ziele und Zukunftsperspektiven mit den Familien und schlagen angemessene Hilfsma\u00dfnahmen zur [&hellip;]<\/p>\n","protected":false},"author":1,"featured_media":0,"parent":0,"menu_order":5,"comment_status":"closed","ping_status":"closed","template":"","meta":[],"_links":{"self":[{"href":"https:\/\/forumfamilie.net\/index.php?rest_route=\/wp\/v2\/pages\/31"}],"collection":[{"href":"https:\/\/forumfamilie.net\/index.php?rest_route=\/wp\/v2\/pages"}],"about":[{"href":"https:\/\/forumfamilie.net\/index.php?rest_route=\/wp\/v2\/types\/page"}],"author":[{"embeddable":true,"href":"https:\/\/forumfamilie.net\/index.php?rest_route=\/wp\/v2\/users\/1"}],"replies":[{"embeddable":true,"href":"https:\/\/forumfamilie.net\/index.php?rest_route=%2Fwp%2Fv2%2Fcomments&post=31"}],"version-history":[{"count":1,"href":"https:\/\/forumfamilie.net\/index.php?rest_route=\/wp\/v2\/pages\/31\/revisions"}],"predecessor-version":[{"id":32,"href":"https:\/\/forumfamilie.net\/index.php?rest_route=\/wp\/v2\/pages\/31\/revisions\/32"}],"wp:attachment":[{"href":"https:\/\/forumfamilie.net\/index.php?rest_route=%2Fwp%2Fv2%2Fmedia&parent=31"}],"curies":[{"name":"wp","href":"https:\/\/api.w.org\/{rel}","templated":true}]}}